44
In base 15, what is -24e - -1?
-24d
In base 12, what is 0 + 96?
96
In base 12, what is -a + 37?
29
In base 8, what is 5 + 24?
31
In base 11, what is 211 - 21?
1a0
In base 16, what is a902 + 5?
a907
In base 6, what is 12413 + 1?
12414
In base 16, what is 1d + -3?
1a
In base 2, what is 1110 - 1010001?
-1000011
In base 2, what is 11 - -101011?
101110
In base 12, what is -12 + -5?
-17
In base 4, what is 11 + -1233?
-1222
In base 7, what is 5 - -61?
66
In base 15, what is a7 + -3?
a4
In base 16, what is 308 - -4?
30c
In base 16, what is 4 - -c?
10
In base 2, what is -1111101 + 1011110?
-11111
In base 2, what is 101 + 1001111?
1010100
In base 3, what is 2 + 2?
11
In base 8, what is 11 + 26?
37
In base 4, what is 11 - -10?
21
In base 2, what is 10001101011 + 1?
10001101100
In base 12, what is 8 + 410?
418
In base 6, what is 32 + -505?
-433
In base 6, what is 2214 - -3?
2221
In base 2, what is -1 + 1101?
1100
In base 6, what is -3 - 50?
-53
In base 4, what is 0 + 112010?
112010
In base 8, what is 150 + 170?
340
In base 7, what is -211214 - 4?
-211221
In base 7, what is 0 - -234?
234
In base 15, what is -1 + -e?
-10
In base 6, what is -3133 - -1?
-3132
In base 4, what is -12313 + -10?
-12323
In base 12, what is 8 - -143?
14b
In base 3, what is 1121122 + -2?
1121120
In base 6, what is 1202 + 33?
1235
In base 13, what is 5 - 83?
-7b
In base 10, what is 62 - 9?
53
In base 9, what is -3 - -5428?
5425
In base 14, what is c + 5?
13
In base 15, what is 8805 + 4?
8809
In base 8, what is -2 - -106?
104
In base 14, what is 3a + 2d?
69
In base 7, what is 2 + 1533?
1535
In base 6, what is 2 - -3243?
3245
In base 10, what is 5 + -63?
-58
In base 14, what is 15 - 2c7?
-2b2
In base 9, what is 10 + -68?
-58
In base 3, what is -20021222 - 10?
-20022002
In base 14, what is -c + 56?
48
In base 10, what is 14 - -23?
37
In base 9, what is 55141 - -5?
55146
In base 15, what is 171 + 3?
174
In base 5, what is 422 + 1?
423
In base 4, what is 1 + -11221?
-11220
In base 12, what is -14 + 0?
-14
In base 13, what is -1b34 - -3?
-1b31
In base 7, what is -12 - 2246?
-2261
In base 7, what is 5 - 5?
0
In base 4, what is 10 - 13000?
-12330
In base 16, what is -18 - -2f?
17
In base 4, what is -10 + -322?
-332
In base 15, what is -60 - 9d?
-10d
In base 7, what is -2 - 136?
-141
In base 3, what is -11 - -221020?
221002
In base 14, what is 2 + d?
11
In base 12, what is -1a87 - 0?
-1a87
In base 3, what is 100220 + 10?
101000
In base 15, what is -52 - -2?
-50
In base 4, what is -1033 - 1002?
-2101
In base 11, what is -1187 + 8?
-117a
In base 9, what is 2 - -451?
453
In base 2, what is 101000 - 0?
101000
In base 12, what is 3 + 7?
a
In base 8, what is -1 - 7?
-10
In base 14, what is -a + -10?
-1a
In base 12, what is -3 - -343?
340
In base 7, what is -5656 - -5?
-5651
In base 13, what is 2 - 76?
-74
In base 14, what is a6 + -1?
a5
In base 14, what is 0 + 39?
39
In base 7, what is 3206 - 0?
3206
In base 8, what is -141 - -3?
-136
In base 15, what is 43 - -9?
4c
In base 10, what is -1 - 316?
-317
In base 15, what is d13 + -4?
d0e
In base 15, what is -93 + 6?
-8c
In base 15, what is -1 - -9e?
9d
In base 15, what is -6 - 1c?
-23
In base 13, what is -bc - 10?
-cc
In base 15, what is 2 + 4?
6
In base 13, what is 168 + -1?
167
In base 5, what is -30 + -10?
-40
In base 10, what is 136 - 49?
87
In base 9, what is -200 - 7?
-207
In base 15, what is 3 + 2ab?
2ae
In base 16, what is 7 - 3?
4
In base 7, what is 54 - 2?
52
In base 3, what is 10102 + -2?
10100
In base 13, what is 5 - 60a?
-605
In base 10, what is 1 + 21?
22
In base 14, what is -6 - -5d?
57
In base 4, what is 2233 - 31?
2202
In base 13, what is 3a + -a?
30
In base 16, what is 12 - 2?
10
In base 4, what is -23 + 21?
-2
In base 3, what is -2210112 + -11?
-2210200
In base 10, what is -4 + 3?
-1
In base 6, what is 3 + 30?
33
In base 9, what is 3 - 27?
-24
In base 15, what is 4 - -31?
35
In base 3, what is 20 - -101002?
101022
In base 9, what is 45 + -33?
12
In base 8, what is -4 + 2013?
2007
In base 2, what is 1 + -101000?
-100111
In base 15, what is -6 + 78d?
787
In base 7, what is 5 - -1411?
1416
In base 7, what is 4 - 5?
-1
In base 4, what is 11 + -13220?
-13203
In base 9, what is -1486 + 1?
-1485
In base 11, what is 0 - -97?
97
In base 5, what is -30100 - 10?
-30110
In base 16, what is 1a + 5?
1f
In base 16, what is -3 - 42e?
-431
In base 10, what is -1 - -14?
13
In base 11, what is -164a - 1?
-1650
In base 14, what is 35a + 10?
36a
In base 7, what is -15 + 6?
-6
In base 12, what is 2315 - -4?
2319
In base 3, what is 11010021 - 10?
11010011
In base 7, what is 41 + 5?
46
In base 14, what is -26a - 4?
-270
In base 6, what is -2 + -1200?
-1202
In base 11, what is -a8 - -4?
-a4
In base 9, what is 1 + -7641?
-7640
In base 10, what is 267 - -4?
271
In base 7, what is 3530 - -2?
3532
In base 12, what is -187 - -2?
-185
In base 16, what is -16 + 0?
-16
In base 8, what is 51 + -11?
40
In base 11, what is -59 + -11?
-6a
In base 7, what is 30 - 14?
13
In base 16, what is b + -7?
4
In base 10, what is -155 - -53?
-102
In base 3, what is 12 - -1110?
1122
In base 5, what is -12 - 24?
-41
In base 2, what is 100 - 100101100?
-100101000
In base 13, what is -11 + 20?
c
In base 2, what is -10000110100 + 10?
-10000110010
In base 2, what is 1001000 + 111?
1001111
In base 16, what is 5 + -12b?
-126
In base 2, what is 10100 - -101?
11001
In base 5, what is 24 + 11112?
11141
In base 9, what is -16 + 12?
-4
In base 14, what is 1 + -1894?
-1893
In base 9, what is 0 - 64?
-64
In base 4, what is 210 + -332?
-122
In base 9, what is -511 + 4?
-506
In base 11, what is 1808 + 0?
1808
In base 9, what is -3 - -67?
64
In base 12, what is 83 + -1a?
65
In base 7, what is 253 + 3?
256
In base 3, what is -2 - 1000202?
-1000211
In base 10, what is -65 + -2?
-67
In base 4, what is 11321 - -11?
11332
In base 8, what is 2 - -1366?
1370
In base 3, what is -11 - -1020010?
1012222
In base 3, what is -10 - 2211?
-2221
In base 8, what is -5 + 125?
120
In base 10, what is -636 + 4?
-632
In base 6, what is 25 - 524?
-455
In base 10, what is -2 + -6747?
-6749
In base 12, what is 122 - 1?
121
In base 3, what is -1210 - 22010?
-100220
In base 13, what is ca + -2?
c8
In base 9, what is -2611 + 1?
-2610
In base 12, what is b + -5?
6
In base 3, what is -1101 - 1021?
-2122
In base 13, what is 14 + -2?
12
In base 10, what is -4 - -115?
111
In base 13, what is -36 - 315?
-34b
In base 3, what is 1012 - -1000?
2012
In base 11, what is 4a + 1?
50
In base 2, what is -1001000111 + 1?
-1001000110
In base 9, what is 4531 - 0?
4531
In base 15, what is -26 + -1?
-27
In base 4, what is -1132 - -202?
-330
In base 2, what is 110111000010 + 101?
110111000111
In base 4, what is -1323 - -1?
-1322
In base 5, what is -21 - -10?
-11
In base 6, what is 1 + 542?
543
In base 4, what is -2023313 + -11?
-2023330
In base 2, what is 1110 + -11?
1011
In base 11, what is -9605 + -5?
-960a
In base 8, what is -14577 + -5?
-14604
In base 8, what is -4 - -2066?
2062
In base 3, what is -1200220 - -1?
-1200212
In base 16, what is 6 + -4?
2
In base 10, what is -3 + -439?
-442
In base 2, what is -11 + -1010000?
-1010011
In base 10, what is 4 - 20?
-16
In base 15, what is 6a2 + -5?
69c
In base 6, what is 2 + -532?
-530
In base 9, what is -3 - 20?
-23
In base 14, what is d5 + 2?
d7
In base 2, what is -1100100111101 + -10?
-1100100111111
In base 15, what is 3 + -75?
-72
In base 11, what is 6 - 2438?
-2432
In base 16, what is 5 + -323?
-31e
In base 13, what is 5 - -20c9?
2101
In base 16, what is -a5 - 4?
-a9
In base 6, what is 224 - -4?
232
In base 3, what is 10 - -11112?
11122
In base 14, what is -573 - 5?
-578
In base 7, what is -2 - 112?
-114
In base 15, what is -5 - -14a?
145
In base 8, what is -21652 + 0?
-21652
In base 7, what is 4 - 140?
-133
In base 3, what is -1 - 21211?
-21212
In base 8, what is 2 - -605?
607
In base 10, what is -155 + 10?
-145
In base 6, what is -1 + 51?
50
In base 2, what is -1111 + 1101010?
1011011
In base 12, what is 14 - 28a?
-276
In base 16, what is -19c2 - 5?
-19c7
In base 10, what is 9 - 3?
6
In base 10, what is 0 + -73?
-73
In base 9, what is -16 - 24?
-41
In base 8, what is 0 + 5?
5
In base 13, what is -1c - 16?
-35
In base 10, what is -1 + 2?
1
In base 2, what is -10 - -1111101010?
1111101000